 947
Let q = 161 + -169. Let t = q + 93. List the prime factors of t.
5, 17
Suppose -2*b + 450838 = 22*b - 619010. List the prime factors of b.
3, 13, 127
Let o = 1 - -4. Let p be 42 + o + -1 + 0. Suppose -5 = -3*h + p. List the prime factors of h.
17
Suppose -22*t - 29970 = 5*t. Let o = t + 1594. What are the prime factors of o?
2, 11
Suppose -9*a + 7*a - 3*o = -8409, -4208 = -a - 5*o. What are the prime factors of a?
3, 467
Suppose -115*o - 2 = -117*o. List the prime factors of (-2)/6 + (-1712)/(-6) + o.
2, 11, 13
Let o(t) = 18*t - 14*t - 2*t**2 - 8 + 3*t. Let f be o(7). List the prime factors of (f/(-38))/(2/52).
3, 13
Suppose -3*i - 3*m - 42 = 0, -4*m = 5*i - m + 62. What are the prime factors of (1204/i)/(42/(-420))?
2, 7, 43
Suppose -2*q = -11*a + 13*a - 86, -5*a + 222 = -2*q. Suppose -133 = -o + a. List the prime factors of o.
3, 59
Let h = -267 - -276. What are the prime factors of h*4/(-6 - 6)*-433?
3, 433
Let c(k) = 13*k - 46. Let l(m) = -m**3 + 5*m**2 - 4*m + 2. Let i be l(2). Let r be 11*((-2)/(-8) + i/8). What are the prime factors of c(r)?
97
Let x(y) = -y**2 - 6*y - 6. Let o be x(-3). Let w(z) = -3*z**3 + z + 2 - 3*z**2 - 5*z - 2*z**2 + 5*z**o. What are the prime factors of w(5)?
107
Let f(l) = l**3 + 24*l**2 + 18*l - 10. Let c be (-2)/(-10) - 1160/50. Let i be f(c). Suppose -i = -a - 14. List the prime factors of a.
7, 13
Let a = 3749 - -406. Suppose 3*v - 4*n - 2482 = 0, -5*v - 3*n + 6*n + a = 0. What are the prime factors of v?
2, 3, 139
Suppose -7*p + 173 = 145. Suppose -5*s = p*k - 573, -5*s + 278 = -3*k - 281. What are the prime factors of s?
113
Let y be (-1)/(-8) - 3306/(-304). List the prime factors of 70*y/(385/294).
2, 3, 7
Let l(z) = -365*z - 1600. Let o be l(-4). Suppose 4*m - 972 = -4*b, 4*m - 2*b = -0*m + 954. Let x = o + m. What are the prime factors of x?
2, 5
Suppose -4*w + 3*w + 2*d = 1, 2*d + 27 = 5*w. Suppose 379 = w*s - 440. Suppose 456 = 4*h - 5*t, h - s = 2*t - 0. List the prime factors of h.
109
Let d(b) = -70*b + 303. List the prime factors of d(-13).
1213
Suppose l + 798 = 6*x - x, 316 = 2*x - 2*l. Let y = x - 231. Let u = y + 255. List the prime factors of u.
2, 23
Let u be (0 - -2)/(-14) - (-4195)/(-35). Let g = u + 296. What are the prime factors of g?
2, 11
Let d be 3*(-2)/6*133. Let o = d - -137. Suppose 5*p = o*t - 258 - 787, -3*p + 9 = 0. What are the prime factors of t?
5, 53
Let a(o) = 228*o**2 + 8*o + 109. What are the prime factors of a(6)?
5, 7, 239
Suppose 0 = k, -2*r = 3*k - 1157 - 235. Suppose -6*a + r = 2*z - 10*a, -4*a = -3*z + 1044. What are the prime factors of z?
2, 3, 29
Let n = 342 - -204. Suppose 7*l = -n + 2107. What are the prime factors of l?
223
Suppose -14 = -3*g - 3*a - 38, 2*g - 3*a = -6. Let f be -1 - (3 - g/9*-6). Suppose f = 2*h - 63 - 133. What are the prime factors of h?
2, 7
Let u(b) = -12*b**2 + 20*b - 145. Let w be u(7). Let y = 750 + w. List the prime factors of y.
157
Let x(f) = f - 9. Let c be x(11). What are the prime factors of 44*((-3)/((-60)/265) + c)?
11, 61
Suppose -167*w + 5*j + 1714 = -166*w, 0 = -5*w + 3*j + 8570. What are the prime factors of w?
2, 857
Let q(b) = 399*b - 1022. List the prime factors of q(46).
2, 7, 619
Let a(q) = 4 - 8*q + q + 0*q - 7*q + 8*q + 36*q**3. List the prime factors of a(3).
2, 479
Let k(y) = 17*y**2 - 4*y + 24. Let q(t) = 16*t**2 - 5*t + 24. Let g(m) = -2*k(m) + 3*q(m). What are the prime factors of g(5)?
3, 113
Suppose -4*h = 3*f - 58702, 14*h - 11*h + 58716 = 3*f. What are the prime factors of f?
2, 5, 19, 103
Suppose 266*g - 40*g = 5452461 + 3980101. What are the prime factors of g?
41737
Let p be ((-330)/(-18) - -4)*(-1 - -10). Suppose p + 222 = 9*i. What are the prime factors of i?
47
Suppose 3*k + 27711 = 3*y, -9249 = 9*y - 10*y + 5*k. Suppose 24*s - y = 5*s. List the prime factors of s.
2, 3
Let b(f) = f**2 + 4*f + 37. Let x(d) = 5*d - 16. Let p be x(3). Let n(t) = t**2 - t. Let g(l) = p*b(l) + 2*n(l). What are the prime factors of g(16)?
3, 41
Let n = 13 - -4. Suppose 4*z - 7 = n. What are the prime factors of (-12)/8*(-244)/z?
61
Suppose -19*v + 25 = -127. Let l(h) = 3*h**2 - 27*h + 5. Let z(u) = 3*u**2 - 26*u + 5. Let m(p) = -3*l(p) + 2*z(p). List the prime factors of m(v).
5, 7
Let s be (-1734)/(-12)*(-1 - 1). Let r be (-5284)/36 - (-2)/(-9). Let q = r - s. List the prime factors of q.
2, 71
Let a = 1647 + -1075. Let q = -248 + a. List the prime factors of q.
2, 3
Suppose 0 = -8*a + 12*a + 4*j - 540, -4*j = 3*a - 400. Suppose 4*m = a + 248. List the prime factors of m.
97
Suppose -11172 - 735 = 7*n. What are the prime factors of (-22)/((-66)/n)*(-1 - 0)?
3, 7
Let a be (-696)/(-180) - 1*(-2)/15. Suppose -10*s = -a*s - 3186. List the prime factors of s.
3, 59
Let r(f) = -660*f + 521. What are the prime factors of r(-3)?
41, 61
Let u be 5/3*-26*3. Let m = -80 - u. List the prime factors of 32/(-56) + m/14.
3
Suppose -67909 = -3*n + 2*q, 2*n - 2860 - 42411 = q. List the prime factors of n.
13, 1741
Suppose 8*j + 2611 = 9*j + h, 4*j - 10437 = 3*h. Suppose 7*g + j = 12*g - 4*n, -2*n = g - 508. List the prime factors of g.
2, 7, 37
What are the prime factors of (-4 + -4884 - -14)*(-55)/10?
11, 2437
Let a = -51 + 54. Suppose -j + 249 = 3*v, a*j + v = 446 + 301. List the prime factors of j.
3, 83
Let m = 6081 + -2887. Suppose -10*y = -m - 4746. What are the prime factors of y?
2, 397
Let i be (12/(-4) - -3)/3. Suppose 5 = -5*g - 0, i = -2*l - 3*g - 21. List the prime factors of -11 - l - 2*-16.
2, 3, 5
Suppose -14*r + 5*r = -18. Suppose r*g - 16 = -2*g. Suppose g = -3*u + 88. What are the prime factors of u?
2, 7
Let a(b) = -80*b + 7. Suppose -2*t + 5*y + 119 = -20, -y + 73 = t. Let w = t - 75. List the prime factors of a(w).
13, 19
Let z be (48/72)/((-1)/(-33) - 0). Suppose z*b = -5*r + 26*b + 5376, 5*b - 4309 = -4*r. What are the prime factors of r?
2, 269
Suppose -5*r + 59073 + 39833 = -2*k, 0 = 4*k + 12. What are the prime factors of 4 + r/68 + (-2)/(-17)?
5, 59
Let q(x) = -32*x**2 - 41 - 13 + 8*x**3 - 9*x**3 + 3 - 44*x. List the prime factors of q(-31).
2, 11
Let d = -19651 + 27910. What are the prime factors of d?
3, 2753
List the prime factors of -8 + -2*(14 - 4614).
2, 3, 383
Let m = -14610 - -32497. What are the prime factors of m?
31, 577
Let v be 3/8 - 32153/(-296). Suppose -v*i - 28014 = -130*i. List the prime factors of i.
2, 23, 29
Let k(j) be the second derivative of 3*j**4/8 + j**3/6 + 4*j**2 - 12*j. Let i(n) be the first derivative of k(n). What are the prime factors of i(5)?
2, 23
Let o = -83 + 83. Suppose -r + 25 - 23 = o. Suppose 4*i - i - 3*l - 231 = 0, -86 = -i - r*l. What are the prime factors of i?
2, 5
Let t(y) = -2*y + 2. Let f be t(0). What are the prime factors of 5/1 + -1 + f + 358?
2, 7, 13
Suppose -19*p + 159 + 715 = 0. Let f = p - -185. What are the prime factors of f?
3, 7, 11
Let g be (299/(-690) + (-1)/(-10))*-63. Let i be -1 + 2 - -1*46. Suppose -2*z + i = g. List the prime factors of z.
13
Let u = 20 + -25. Let f = -883 - -527. What are the prime factors of f/u - 8/(-10)?
2, 3
Suppose 27 = 11*a + 16. What are the prime factors of (522 - a) + 7 - (2 - -3)?
523
What are the prime factors of (-1)/(2/(-23))*(-2 - -514)?
2, 23
Let y(x) = x**3 - 23*x**2 - 61*x - 20. Let z be y(26). Let l = z + -226. What are the prime factors of l?
2, 7
Let g(v) = 7*v**2 + 2 + 0 + 6*v**2 + 2*v**2 - 6 - 43*v. List the prime factors of g(-5).
2, 293
Let a(b) = 4*b**3 + 2*b**2 - 5*b + 3. Let j be a(-4). Let n = -943 - j. List the prime factors of (-15)/(-6)*n/(-35).
53
Let l be (-53)/212 + 7634/8. Suppose 0 = -2*a - 4*n + l, a - n - n = 489. List the prime factors of a.
3, 7, 23
Suppose 3*i = 2*w + w + 12, -3*i + w + 4 = 0. Suppose y + 13 - 28 = i. List the prime factors of 20/y*5*12.
2, 5
Suppose -5*q + 14*q = 117. Let s = q + -11. Suppose -3*l = s*o - o - 569, -4*o = 4*l - 772. List the prime factors of l.
2, 47
Let c = -34323 + 54734. List the prime factors of c.
20411
Suppose -1840 = 61*f - 69*f. Let n = 753 - f. What are the prime factors of n?
523
Let x(n) = n**3 + 6*n**2 + 5*n + 2. Let h be x(-5). Suppose -150 = -h*z + 2*r + 148, z - 137 = -5*r. List the prime factors of z.
3, 7
Let x be -4 - 0 - -2 - -120. Suppose 0 = -2*s + s - 4*o + x, 3*o + 434 = 4*s. Let g = s - -36. List the prime factors of g.